{"id":9236,"date":"2021-01-21T20:55:24","date_gmt":"2021-01-21T19:55:24","guid":{"rendered":"https:\/\/bgc-muenchen.de\/?page_id=9236"},"modified":"2023-01-23T16:14:09","modified_gmt":"2023-01-23T15:14:09","slug":"events","status":"publish","type":"page","link":"https:\/\/bgc-muenchen.de\/?page_id=9236","title":{"rendered":"Veranstaltungen"},"content":{"rendered":"<p>Nachfolgend m\u00f6chten wir Sie \u00fcber unser Veranstaltungsangebot informieren:<\/p>\n<h3>\u00d6ffentliche Veranstaltungen<\/h3>\n<p><code>[events_list limit='5' category='199' tag='202']<\/code><\/p>\n<h3>Tanzkurse<\/h3>\n<p><code>[events_list limit='5' category='253' tag='202']<\/code><\/p>\n<h3>Workshops<\/h3>\n<p><code>[events_list limit='5' category='254,252' tag='202']<\/code><\/p>\n<h3>Feldenkrais-Workshops<\/h3>\n<p><code>[events_list limit='5' category='255' tag='202']<\/code><\/p>\n<h3>Discofox-Kurse, die auch von G\u00e4sten besucht werden k\u00f6nnen:<\/h3>\n<p><code>[events_list limit='10' category='196' tag='202']<\/code><\/p>\n<p>&nbsp;<\/p>\n<h3>Kalenderansicht aller \u00f6ffentlicher Veranstaltungen<\/h3>\n<p><code>[events_calendar tag='202']<\/code><\/p>\n","protected":false},"excerpt":{"rendered":"<p>Nachfolgend m\u00f6chten wir Sie \u00fcber unser Veranstaltungsangebot informieren: \u00d6ffentliche Veranstaltungen [events_list limit=&#8217;5&#8242; category=&#8217;199&#8242; tag=&#8217;202&#8242;] Tanzkurse [events_list limit=&#8217;5&#8242; category=&#8217;253&#8242; tag=&#8217;202&#8242;] Workshops [events_list limit=&#8217;5&#8242; category=&#8217;254,252&#8242; tag=&#8217;202&#8242;] Feldenkrais-Workshops [events_list limit=&#8217;5&#8242; category=&#8217;255&#8242; tag=&#8217;202&#8242;] Discofox-Kurse, [&hellip;]<\/p>\n","protected":false},"author":3,"featured_media":0,"parent":0,"menu_order":0,"comment_status":"closed","ping_status":"closed","template":"template-full.php","meta":{"site-sidebar-layout":"default","site-content-layout":"","ast-site-content-layout":"default","site-content-style":"default","site-sidebar-style":"default","ast-global-header-display":"","ast-banner-title-visibility":"","ast-main-header-display":"","ast-hfb-above-header-display":"","ast-hfb-below-header-display":"","ast-hfb-mobile-header-display":"","site-post-title":"","ast-breadcrumbs-content":"","ast-featured-img":"","footer-sml-layout":"","ast-disable-related-posts":"","theme-transparent-header-meta":"","adv-header-id-meta":"","stick-header-meta":"","header-above-stick-meta":"","header-main-stick-meta":"","header-below-stick-meta":"","astra-migrate-meta-layouts":"default","ast-page-background-enabled":"default","ast-page-background-meta":{"desktop":{"background-color":"var(--ast-global-color-5)","background-image":"","background-repeat":"repeat","background-position":"center center","background-size":"auto","background-attachment":"scroll","background-type":"","background-media":"","overlay-type":"","overlay-color":"","overlay-opacity":"","overlay-gradient":""},"tablet":{"background-color":"","background-image":"","background-repeat":"repeat","background-position":"center center","background-size":"auto","background-attachment":"scroll","background-type":"","background-media":"","overlay-type":"","overlay-color":"","overlay-opacity":"","overlay-gradient":""},"mobile":{"background-color":"","background-image":"","background-repeat":"repeat","background-position":"center center","background-size":"auto","background-attachment":"scroll","background-type":"","background-media":"","overlay-type":"","overlay-color":"","overlay-opacity":"","overlay-gradient":""}},"ast-content-background-meta":{"desktop":{"background-color":"var(--ast-global-color-4)","background-image":"","background-repeat":"repeat","background-position":"center center","background-size":"auto","background-attachment":"scroll","background-type":"","background-media":"","overlay-type":"","overlay-color":"","overlay-opacity":"","overlay-gradient":""},"tablet":{"background-color":"var(--ast-global-color-4)","background-image":"","background-repeat":"repeat","background-position":"center center","background-size":"auto","background-attachment":"scroll","background-type":"","background-media":"","overlay-type":"","overlay-color":"","overlay-opacity":"","overlay-gradient":""},"mobile":{"background-color":"var(--ast-global-color-4)","background-image":"","background-repeat":"repeat","background-position":"center center","background-size":"auto","background-attachment":"scroll","background-type":"","background-media":"","overlay-type":"","overlay-color":"","overlay-opacity":"","overlay-gradient":""}},"footnotes":""},"class_list":["post-9236","page","type-page","status-publish","hentry"],"_links":{"self":[{"href":"https:\/\/bgc-muenchen.de\/index.php?rest_route=\/wp\/v2\/pages\/9236","targetHints":{"allow":["GET"]}}],"collection":[{"href":"https:\/\/bgc-muenchen.de\/index.php?rest_route=\/wp\/v2\/pages"}],"about":[{"href":"https:\/\/bgc-muenchen.de\/index.php?rest_route=\/wp\/v2\/types\/page"}],"author":[{"embeddable":true,"href":"https:\/\/bgc-muenchen.de\/index.php?rest_route=\/wp\/v2\/users\/3"}],"replies":[{"embeddable":true,"href":"https:\/\/bgc-muenchen.de\/index.php?rest_route=%2Fwp%2Fv2%2Fcomments&post=9236"}],"version-history":[{"count":5,"href":"https:\/\/bgc-muenchen.de\/index.php?rest_route=\/wp\/v2\/pages\/9236\/revisions"}],"predecessor-version":[{"id":15532,"href":"https:\/\/bgc-muenchen.de\/index.php?rest_route=\/wp\/v2\/pages\/9236\/revisions\/15532"}],"wp:attachment":[{"href":"https:\/\/bgc-muenchen.de\/index.php?rest_route=%2Fwp%2Fv2%2Fmedia&parent=9236"}],"curies":[{"name":"wp","href":"https:\/\/api.w.org\/{rel}","templated":true}]}}