{"id":879,"date":"2015-08-09T17:50:00","date_gmt":"2015-08-09T17:50:00","guid":{"rendered":"https:\/\/bgc-muenchen.de\/?page_id=879"},"modified":"2022-10-05T19:12:23","modified_gmt":"2022-10-05T17:12:23","slug":"anfahrt","status":"publish","type":"page","link":"https:\/\/bgc-muenchen.de\/?page_id=879","title":{"rendered":"Anfahrt"},"content":{"rendered":"<p><iframe frameborder=\"0\" scrolling=\"no\" marginheight=\"0\" marginwidth=\"0\"\n\t\t\t\t\tsrc=\"https:\/\/maps.google.com\/maps?q=Ohmstr.%2014%2C%2085757%20Karlsfeld&#038;t=m&#038;z=14&#038;output=embed&#038;iwloc=near\"\n\t\t\t\t\ttitle=\"Ohmstr. 14, 85757 Karlsfeld\"\n\t\t\t\t\taria-label=\"Ohmstr. 14, 85757 Karlsfeld\"\n\t\t\t><\/iframe><br \/>\n\t\tUnser Vereinsheim liegt verkehrsg\u00fcnstig in Karlsfeld und ist daher leicht erreichbar aus M\u00fcnchen und dem Umland.<br \/>\n<strong>Anschrift<\/strong><br \/>\nTanzsportclub<br \/>\nBlau-Gold-Casino M\u00fcnchen e.V.<br \/>\nOhmstrasse 14\/II<br \/>\n85757 Karlsfeld<br \/>\nMehr Informationen \u00fcber unsere R\u00e4umlichkeiten finden Sie auf unserer <strong><a href=\"https:\/\/bgc-muenchen.de\/blau-gold-casino\/vereinsheim\">Vereinsheim-Seite<\/a>.<\/strong><\/p>\n","protected":false},"excerpt":{"rendered":"<p>Unser Vereinsheim liegt verkehrsg\u00fcnstig in Karlsfeld und ist daher leicht erreichbar aus M\u00fcnchen und dem Umland. Anschrift Tanzsportclub Blau-Gold-Casino M\u00fcnchen e.V. Ohmstrasse 14\/II 85757 Karlsfeld Mehr Informationen \u00fcber unsere R\u00e4umlichkeiten [&hellip;]<\/p>\n","protected":false},"author":3,"featured_media":0,"parent":576,"menu_order":0,"comment_status":"closed","ping_status":"closed","template":"","meta":{"site-sidebar-layout":"default","site-content-layout":"","ast-site-content-layout":"default","site-content-style":"default","site-sidebar-style":"default","ast-global-header-display":"","ast-banner-title-visibility":"","ast-main-header-display":"","ast-hfb-above-header-display":"","ast-hfb-below-header-display":"","ast-hfb-mobile-header-display":"","site-post-title":"","ast-breadcrumbs-content":"","ast-featured-img":"","footer-sml-layout":"","ast-disable-related-posts":"","theme-transparent-header-meta":"","adv-header-id-meta":"","stick-header-meta":"","header-above-stick-meta":"","header-main-stick-meta":"","header-below-stick-meta":"","astra-migrate-meta-layouts":"default","ast-page-background-enabled":"default","ast-page-background-meta":{"desktop":{"background-color":"var(--ast-global-color-5)","background-image":"","background-repeat":"repeat","background-position":"center center","background-size":"auto","background-attachment":"scroll","background-type":"","background-media":"","overlay-type":"","overlay-color":"","overlay-opacity":"","overlay-gradient":""},"tablet":{"background-color":"","background-image":"","background-repeat":"repeat","background-position":"center center","background-size":"auto","background-attachment":"scroll","background-type":"","background-media":"","overlay-type":"","overlay-color":"","overlay-opacity":"","overlay-gradient":""},"mobile":{"background-color":"","background-image":"","background-repeat":"repeat","background-position":"center center","background-size":"auto","background-attachment":"scroll","background-type":"","background-media":"","overlay-type":"","overlay-color":"","overlay-opacity":"","overlay-gradient":""}},"ast-content-background-meta":{"desktop":{"background-color":"var(--ast-global-color-4)","background-image":"","background-repeat":"repeat","background-position":"center center","background-size":"auto","background-attachment":"scroll","background-type":"","background-media":"","overlay-type":"","overlay-color":"","overlay-opacity":"","overlay-gradient":""},"tablet":{"background-color":"var(--ast-global-color-4)","background-image":"","background-repeat":"repeat","background-position":"center center","background-size":"auto","background-attachment":"scroll","background-type":"","background-media":"","overlay-type":"","overlay-color":"","overlay-opacity":"","overlay-gradient":""},"mobile":{"background-color":"var(--ast-global-color-4)","background-image":"","background-repeat":"repeat","background-position":"center center","background-size":"auto","background-attachment":"scroll","background-type":"","background-media":"","overlay-type":"","overlay-color":"","overlay-opacity":"","overlay-gradient":""}},"footnotes":""},"class_list":["post-879","page","type-page","status-publish","hentry"],"_links":{"self":[{"href":"https:\/\/bgc-muenchen.de\/index.php?rest_route=\/wp\/v2\/pages\/879","targetHints":{"allow":["GET"]}}],"collection":[{"href":"https:\/\/bgc-muenchen.de\/index.php?rest_route=\/wp\/v2\/pages"}],"about":[{"href":"https:\/\/bgc-muenchen.de\/index.php?rest_route=\/wp\/v2\/types\/page"}],"author":[{"embeddable":true,"href":"https:\/\/bgc-muenchen.de\/index.php?rest_route=\/wp\/v2\/users\/3"}],"replies":[{"embeddable":true,"href":"https:\/\/bgc-muenchen.de\/index.php?rest_route=%2Fwp%2Fv2%2Fcomments&post=879"}],"version-history":[{"count":7,"href":"https:\/\/bgc-muenchen.de\/index.php?rest_route=\/wp\/v2\/pages\/879\/revisions"}],"predecessor-version":[{"id":14253,"href":"https:\/\/bgc-muenchen.de\/index.php?rest_route=\/wp\/v2\/pages\/879\/revisions\/14253"}],"up":[{"embeddable":true,"href":"https:\/\/bgc-muenchen.de\/index.php?rest_route=\/wp\/v2\/pages\/576"}],"wp:attachment":[{"href":"https:\/\/bgc-muenchen.de\/index.php?rest_route=%2Fwp%2Fv2%2Fmedia&parent=879"}],"curies":[{"name":"wp","href":"https:\/\/api.w.org\/{rel}","templated":true}]}}