{"id":4617,"date":"2018-01-02T06:00:48","date_gmt":"2018-01-02T05:00:48","guid":{"rendered":"https:\/\/bgc-muenchen.de\/?page_id=4617"},"modified":"2026-03-10T13:36:28","modified_gmt":"2026-03-10T12:36:28","slug":"unterschiedliche-tanzstile","status":"publish","type":"page","link":"https:\/\/bgc-muenchen.de\/?page_id=4617","title":{"rendered":"Unterschiedliche Tanzstile"},"content":{"rendered":"<p>Bei uns haben\u00a0 Standard-\/Latein-Tanz, Discofox und Contemporary Modern Dance eine Heimat.<\/p>\n<p><!--more-->Kommen Sie zu uns und probieren einfach aus, was am besten f\u00fcr Sie passt.<\/p>\n<h3>Standard \/ Latein<\/h3>\n<p>Der Schwerpunkt unseres Tanzangebotes liegt nat\u00fcrlich auf den Standard- (Langsamer Walzer, Tango, Wiener Walzer, Slowfox, Quickstep) sowie auf den Lateint\u00e4nzen (Samba, Rumba, Cha-Cha-Cha, Paso Doble, Jive).<\/p>\n<p>Unser Angebot ist hier unterteilt in verschiedene Leistungsklassen<\/p>\n<ul>\n<li><a href=\"https:\/\/bgc-muenchen.de\/angebot\/alle-leistungsklassen#freizeitsport\/\"><strong>Freizeitsport<\/strong><\/a><\/li>\n<li><a href=\"https:\/\/bgc-muenchen.de\/angebot\/alle-leistungsklassen#turniersport\/\"><strong>Turniersport<\/strong><\/a><\/li>\n<\/ul>\n<h4>Trainingszeiten<\/h4>\n<p>Die Trainingszeiten der entsprechenden Klassen entnehmen Sie bitte dem <a href=\"https:\/\/bgc-muenchen.de\/wp-content\/uploads\/2025\/05\/Trainingsplan_Struktur_2025.pdf\" target=\"_blank\" rel=\"noopener\"><strong>Trainingsplan<\/strong><\/a>.<\/p>\n<h3>Discofox<\/h3>\n<p>\t\t\t\t\t\t\t\t\t\t\t\t\t\t\t<img loading=\"lazy\" decoding=\"async\" width=\"1024\" height=\"1453\" src=\"https:\/\/bgc-muenchen.de\/wp-content\/uploads\/2022\/12\/BGC-2023-Discofox-1024x1453.jpg\" alt=\"\" \/>\t\t\t\t\t\t\t\t\t\t\t\t\t\t\t<\/p>\n<p>Wenn Sie den Flyer an Freunde und Bekannte weitergeben wollen, k\u00f6nnen Sie ihn hier <a href=\"https:\/\/bgc-muenchen.de\/wp-content\/uploads\/2022\/12\/BGC-2023-Discofox.pdf\" target=\"_blank\" rel=\"noopener\"><strong>herunterladen<\/strong><\/a>.<\/p>\n<p>Ist der Tanz, den Sie bei vielen Gelegenheiten und auf kleinstem Raum aus\u00fcben k\u00f6nnen. Damit es richtig Spa\u00df macht und das Tanzen leicht f\u00e4llt, vermitteln unsere Trainer Beate und Thomas (Didi) nicht nur tolle Figuren, sondern auch die technische Grundlagen.<\/p>\n<p>Abgerundet wird das ganze durch eine monatliche freie Trainingsstunde am Samstag, die von Rosi und Rolf betreut werden. Die beiden geben jedoch bereitwillig Tipps aus ihrer langj\u00e4hrigen Erfahrung.<\/p>\n<p>Unser Angebot im \u00dcberblick:<\/p>\n<table>\n<tbody>\n<tr>\n<td>Periodizit\u00e4t<\/td>\n<td>Wochentag<\/td>\n<td>Uhrzeit<\/td>\n<td>Ort<\/td>\n<td>Angebot<\/td>\n<td>Trainer\/Betreuung<\/td>\n<\/tr>\n<tr>\n<td>jeden 1. Samstag<br \/>im Monat<\/td>\n<td>Samstag<\/td>\n<td>18:30 &#8211; 19:30<\/td>\n<td>Ohmstr. 14, Karlsfeld<\/td>\n<td>freies Training<\/td>\n<td>Rosi &amp; Rolf<\/td>\n<\/tr>\n<tr>\n<td>jeden 3. Samstag<br \/>im Monat<\/td>\n<td>Samstag<\/td>\n<td>18:30 &#8211; 19:30<\/td>\n<td>Ohmstr. 14, Karlsfeld<\/td>\n<td>Fortgeschrittene<\/td>\n<td>Beate &amp; Didi<\/td>\n<\/tr>\n<\/tbody>\n<\/table>\n<p>Mit einer <a href=\"https:\/\/bgc-muenchen.de\/blau-gold-casino\/mitgliedschaft\/\"><strong>Mitgliedschaft<\/strong><\/a> k\u00f6nnen Sie nicht nur alle Discofox-Angebote, sondern auch die anderen Tanzangebote des Vereins ohne Zusatzkosten nutzen. Unser Samstags-Angebot steht auch G\u00e4sten offen. G\u00e4ste zahlen f\u00fcr das Training mit Beate und Didi\u00a0 einen Unkostenbeitrag von <strong>10,00 Euro pro Person<\/strong> und f\u00fcr das Training mit Rosi und Rolf <strong>5,00 Euro pro Person.<\/strong><\/p>\n<p>Eventuelle \u00c4nderungen finden Sie auf unserer Webseite unter <a href=\"https:\/\/bgc-muenchen.de\/events\/\" target=\"_blank\" rel=\"noopener\"><strong>Veranstaltungen<\/strong><\/a>.<\/p>\n<h3>Tanzworkshops<\/h3>\n<p>Unser Workshop-Angebot richtet sich sowohl an Mitglieder als auch an interessierte G\u00e4ste. F\u00fcr die Workshops fallen in der Regel zus\u00e4tzliche Geb\u00fchren an. Eine Anmeldung ist erforderlich.<\/p>\n<p><code>[events_list limit='5' category='252, 254' tag='202']<\/code><\/p>\n<p>Die Workshops finden Sie in unserem <a href=\"https:\/\/bgc-muenchen.de\/events\/\" target=\"_blank\" rel=\"noopener\"><strong>Veranstaltungskalender<\/strong><\/a>..<\/p>\n","protected":false},"excerpt":{"rendered":"<p>Bei uns haben\u00a0 Standard-\/Latein-Tanz, Discofox und Contemporary Modern Dance eine Heimat.<\/p>\n","protected":false},"author":3,"featured_media":0,"parent":5084,"menu_order":0,"comment_status":"closed","ping_status":"closed","template":"","meta":{"site-sidebar-layout":"default","site-content-layout":"","ast-site-content-layout":"default","site-content-style":"default","site-sidebar-style":"default","ast-global-header-display":"","ast-banner-title-visibility":"","ast-main-header-display":"","ast-hfb-above-header-display":"","ast-hfb-below-header-display":"","ast-hfb-mobile-header-display":"","site-post-title":"","ast-breadcrumbs-content":"","ast-featured-img":"","footer-sml-layout":"","ast-disable-related-posts":"","theme-transparent-header-meta":"","adv-header-id-meta":"","stick-header-meta":"","header-above-stick-meta":"","header-main-stick-meta":"","header-below-stick-meta":"","astra-migrate-meta-layouts":"default","ast-page-background-enabled":"default","ast-page-background-meta":{"desktop":{"background-color":"var(--ast-global-color-5)","background-image":"","background-repeat":"repeat","background-position":"center center","background-size":"auto","background-attachment":"scroll","background-type":"","background-media":"","overlay-type":"","overlay-color":"","overlay-opacity":"","overlay-gradient":""},"tablet":{"background-color":"","background-image":"","background-repeat":"repeat","background-position":"center center","background-size":"auto","background-attachment":"scroll","background-type":"","background-media":"","overlay-type":"","overlay-color":"","overlay-opacity":"","overlay-gradient":""},"mobile":{"background-color":"","background-image":"","background-repeat":"repeat","background-position":"center center","background-size":"auto","background-attachment":"scroll","background-type":"","background-media":"","overlay-type":"","overlay-color":"","overlay-opacity":"","overlay-gradient":""}},"ast-content-background-meta":{"desktop":{"background-color":"var(--ast-global-color-4)","background-image":"","background-repeat":"repeat","background-position":"center center","background-size":"auto","background-attachment":"scroll","background-type":"","background-media":"","overlay-type":"","overlay-color":"","overlay-opacity":"","overlay-gradient":""},"tablet":{"background-color":"var(--ast-global-color-4)","background-image":"","background-repeat":"repeat","background-position":"center center","background-size":"auto","background-attachment":"scroll","background-type":"","background-media":"","overlay-type":"","overlay-color":"","overlay-opacity":"","overlay-gradient":""},"mobile":{"background-color":"var(--ast-global-color-4)","background-image":"","background-repeat":"repeat","background-position":"center center","background-size":"auto","background-attachment":"scroll","background-type":"","background-media":"","overlay-type":"","overlay-color":"","overlay-opacity":"","overlay-gradient":""}},"footnotes":""},"class_list":["post-4617","page","type-page","status-publish","hentry"],"_links":{"self":[{"href":"https:\/\/bgc-muenchen.de\/index.php?rest_route=\/wp\/v2\/pages\/4617","targetHints":{"allow":["GET"]}}],"collection":[{"href":"https:\/\/bgc-muenchen.de\/index.php?rest_route=\/wp\/v2\/pages"}],"about":[{"href":"https:\/\/bgc-muenchen.de\/index.php?rest_route=\/wp\/v2\/types\/page"}],"author":[{"embeddable":true,"href":"https:\/\/bgc-muenchen.de\/index.php?rest_route=\/wp\/v2\/users\/3"}],"replies":[{"embeddable":true,"href":"https:\/\/bgc-muenchen.de\/index.php?rest_route=%2Fwp%2Fv2%2Fcomments&post=4617"}],"version-history":[{"count":8,"href":"https:\/\/bgc-muenchen.de\/index.php?rest_route=\/wp\/v2\/pages\/4617\/revisions"}],"predecessor-version":[{"id":16683,"href":"https:\/\/bgc-muenchen.de\/index.php?rest_route=\/wp\/v2\/pages\/4617\/revisions\/16683"}],"up":[{"embeddable":true,"href":"https:\/\/bgc-muenchen.de\/index.php?rest_route=\/wp\/v2\/pages\/5084"}],"wp:attachment":[{"href":"https:\/\/bgc-muenchen.de\/index.php?rest_route=%2Fwp%2Fv2%2Fmedia&parent=4617"}],"curies":[{"name":"wp","href":"https:\/\/api.w.org\/{rel}","templated":true}]}}