{"id":4301,"date":"2019-01-14T16:56:00","date_gmt":"2019-01-14T15:56:00","guid":{"rendered":"https:\/\/bgc-muenchen.de\/?page_id=4301"},"modified":"2026-03-11T12:06:15","modified_gmt":"2026-03-11T11:06:15","slug":"kerzenball","status":"publish","type":"page","link":"https:\/\/bgc-muenchen.de\/?page_id=4301","title":{"rendered":"Kerzenball 2026"},"content":{"rendered":"<p>Der Tanzsportclub Blau-Gold-Casino M\u00fcnchen e.V. l\u00e4dt Sie herzlich am <strong>28.11.2026<\/strong>\u00a0zu unserem allj\u00e4hrlichen Kerzenball ein. Der Ball findet im K\u00fcnstlerhaus am Lenbachplatz, Lenbachplatz 8, M\u00fcnchen statt.<\/p>\n<p>Einlass: 17:30 Uhr<\/p>\n<p>Beginn: 18:00 Uhr<\/p>\n<p>Ende: 23:00 Uhr<\/p>\n<p>Die Eintrittspreise richten sich nach der Tischkategorie:<\/p>\n<table style=\"border-collapse: collapse; width: 75%; height: 144px;\" border=\"1\">\n<tbody>\n<tr style=\"height: 24px;\">\n<td style=\"width: 25%; height: 24px;\"><\/td>\n<td style=\"width: 25%; height: 24px;\">Kategorie<\/td>\n<td style=\"width: 12.5%; height: 24px;\">EUR<\/td>\n<td style=\"width: 12.5%; text-align: center;\">Verf\u00fcgbarkeit<\/td>\n<\/tr>\n<tr style=\"height: 24px;\">\n<td style=\"width: 25%; height: 24px;\">Saal<\/td>\n<td style=\"width: 25%; height: 24px;\">Gelb<\/td>\n<td style=\"width: 12.5%; height: 24px;\">40,00<\/td>\n<td style=\"width: 12.5%; text-align: center;\"><\/td>\n<\/tr>\n<tr style=\"height: 24px;\">\n<td style=\"width: 25%; height: 24px;\"><\/td>\n<td style=\"width: 25%; height: 24px;\">Orange<\/td>\n<td style=\"width: 12.5%; height: 24px;\">28,00<\/td>\n<td style=\"width: 12.5%; text-align: center;\"><\/td>\n<\/tr>\n<tr style=\"height: 24px;\">\n<td style=\"width: 25%; height: 24px;\">Galerie<\/td>\n<td style=\"width: 25%; height: 24px;\">Violett<\/td>\n<td style=\"width: 12.5%; height: 24px;\">35,00<\/td>\n<td style=\"width: 12.5%; text-align: center;\"><\/td>\n<\/tr>\n<tr style=\"height: 24px;\">\n<td style=\"width: 25%; height: 24px;\"><\/td>\n<td style=\"width: 25%; height: 24px;\">Gr\u00fcn<\/td>\n<td style=\"width: 12.5%; height: 24px;\">30,00<\/td>\n<td style=\"width: 12.5%; text-align: center;\"><\/td>\n<\/tr>\n<tr style=\"height: 24px;\">\n<td style=\"width: 25%; height: 24px;\"><\/td>\n<td style=\"width: 25%; height: 24px;\">Blau<\/td>\n<td style=\"width: 12.5%; height: 24px;\">20,00<\/td>\n<td style=\"width: 12.5%; text-align: center;\"><\/td>\n<\/tr>\n<\/tbody>\n<\/table>\n<p>Die Tischkategorien k\u00f6nnen Sie dem <strong><a href=\"https:\/\/bgc-muenchen.de\/wp-content\/uploads\/2016\/04\/BGC-2023-Saalplan.pdf\" target=\"_blank\" rel=\"noopener noreferrer\">Saalplan<\/a><\/strong> entnehmen.<\/p>\n<p>Unsere Show-Einlagen werden Sie verzaubern!<\/p>\n<p>Kartenreservierungen erbitten wir \u00fcber unser <strong><a href=\"https:\/\/bgc-muenchen.de\/kontakt-kerzenball\/\">Kontaktformular<\/a><\/strong> auf der Webseite oder eine Email direkt an <strong><a href=\"mailto:kerzenball@bgc-muenchen.de\" target=\"_blank\" rel=\"noopener noreferrer\">kerzenball@bgc-muenchen.de<\/a>.<\/strong><br \/>\n<!--Den Flyer zum Download gibt es <a href=\"https:\/\/bgc-muenchen.de\/wp-content\/uploads\/2018\/08\/2018-Flyer-Kerzenball.pdf\" target=\"_blank\" rel=\"noopener noreferrer\"><strong>hier<\/strong><\/a>.--><\/p>\n<p>Nach Erhalt der Reservierungsbest\u00e4tigung bitten wir um \u00dcberweisung des Ticketpreises auf unser Konto bei der Stadtsparkasse M\u00fcnchen<\/p>\n<p><strong>IBAN: DE62 7015 0000 1006 7826 17<\/strong><\/p>\n<p>Wir bitten um festliche Kleidung!<\/p>\n<p>&nbsp;<\/p>\n<p>&nbsp;<\/p>\n","protected":false},"excerpt":{"rendered":"<p>Der Tanzsportclub Blau-Gold-Casino M\u00fcnchen e.V. l\u00e4dt Sie herzlich am 28.11.2026\u00a0zu unserem allj\u00e4hrlichen Kerzenball ein. Der Ball findet im K\u00fcnstlerhaus am Lenbachplatz, Lenbachplatz 8, M\u00fcnchen statt. Einlass: 17:30 Uhr Beginn: 18:00 [&hellip;]<\/p>\n","protected":false},"author":3,"featured_media":17351,"parent":0,"menu_order":0,"comment_status":"closed","ping_status":"closed","template":"","meta":{"site-sidebar-layout":"default","site-content-layout":"","ast-site-content-layout":"default","site-content-style":"default","site-sidebar-style":"default","ast-global-header-display":"","ast-banner-title-visibility":"","ast-main-header-display":"","ast-hfb-above-header-display":"","ast-hfb-below-header-display":"","ast-hfb-mobile-header-display":"","site-post-title":"","ast-breadcrumbs-content":"","ast-featured-img":"","footer-sml-layout":"","ast-disable-related-posts":"","theme-transparent-header-meta":"","adv-header-id-meta":"","stick-header-meta":"","header-above-stick-meta":"","header-main-stick-meta":"","header-below-stick-meta":"","astra-migrate-meta-layouts":"default","ast-page-background-enabled":"default","ast-page-background-meta":{"desktop":{"background-color":"var(--ast-global-color-5)","background-image":"","background-repeat":"repeat","background-position":"center center","background-size":"auto","background-attachment":"scroll","background-type":"","background-media":"","overlay-type":"","overlay-color":"","overlay-opacity":"","overlay-gradient":""},"tablet":{"background-color":"","background-image":"","background-repeat":"repeat","background-position":"center center","background-size":"auto","background-attachment":"scroll","background-type":"","background-media":"","overlay-type":"","overlay-color":"","overlay-opacity":"","overlay-gradient":""},"mobile":{"background-color":"","background-image":"","background-repeat":"repeat","background-position":"center center","background-size":"auto","background-attachment":"scroll","background-type":"","background-media":"","overlay-type":"","overlay-color":"","overlay-opacity":"","overlay-gradient":""}},"ast-content-background-meta":{"desktop":{"background-color":"var(--ast-global-color-4)","background-image":"","background-repeat":"repeat","background-position":"center center","background-size":"auto","background-attachment":"scroll","background-type":"","background-media":"","overlay-type":"","overlay-color":"","overlay-opacity":"","overlay-gradient":""},"tablet":{"background-color":"var(--ast-global-color-4)","background-image":"","background-repeat":"repeat","background-position":"center center","background-size":"auto","background-attachment":"scroll","background-type":"","background-media":"","overlay-type":"","overlay-color":"","overlay-opacity":"","overlay-gradient":""},"mobile":{"background-color":"var(--ast-global-color-4)","background-image":"","background-repeat":"repeat","background-position":"center center","background-size":"auto","background-attachment":"scroll","background-type":"","background-media":"","overlay-type":"","overlay-color":"","overlay-opacity":"","overlay-gradient":""}},"footnotes":""},"class_list":["post-4301","page","type-page","status-publish","has-post-thumbnail","hentry"],"_links":{"self":[{"href":"https:\/\/bgc-muenchen.de\/index.php?rest_route=\/wp\/v2\/pages\/4301","targetHints":{"allow":["GET"]}}],"collection":[{"href":"https:\/\/bgc-muenchen.de\/index.php?rest_route=\/wp\/v2\/pages"}],"about":[{"href":"https:\/\/bgc-muenchen.de\/index.php?rest_route=\/wp\/v2\/types\/page"}],"author":[{"embeddable":true,"href":"https:\/\/bgc-muenchen.de\/index.php?rest_route=\/wp\/v2\/users\/3"}],"replies":[{"embeddable":true,"href":"https:\/\/bgc-muenchen.de\/index.php?rest_route=%2Fwp%2Fv2%2Fcomments&post=4301"}],"version-history":[{"count":5,"href":"https:\/\/bgc-muenchen.de\/index.php?rest_route=\/wp\/v2\/pages\/4301\/revisions"}],"predecessor-version":[{"id":17348,"href":"https:\/\/bgc-muenchen.de\/index.php?rest_route=\/wp\/v2\/pages\/4301\/revisions\/17348"}],"wp:featuredmedia":[{"embeddable":true,"href":"https:\/\/bgc-muenchen.de\/index.php?rest_route=\/wp\/v2\/media\/17351"}],"wp:attachment":[{"href":"https:\/\/bgc-muenchen.de\/index.php?rest_route=%2Fwp%2Fv2%2Fmedia&parent=4301"}],"curies":[{"name":"wp","href":"https:\/\/api.w.org\/{rel}","templated":true}]}}