{"id":3030,"date":"2016-12-21T20:47:28","date_gmt":"2016-12-21T19:47:28","guid":{"rendered":"https:\/\/bgc-muenchen.de\/?page_id=3030"},"modified":"2022-05-24T15:58:43","modified_gmt":"2022-05-24T13:58:43","slug":"richard-und-gisela-raschke","status":"publish","type":"page","link":"https:\/\/bgc-muenchen.de\/?page_id=3030","title":{"rendered":"Richard und Gisela Raschke"},"content":{"rendered":"<figure id=\"attachment_3038\" aria-describedby=\"caption-attachment-3038\" style=\"width: 533px\" class=\"wp-caption aligncenter\"><img loading=\"lazy\" decoding=\"async\" class=\"size-full wp-image-3038\" src=\"https:\/\/bgc-muenchen.de\/wp-content\/uploads\/2016\/12\/Richard_und_Gisela_Raschke.jpg\" alt=\"Richard und Gisela Raschke\" width=\"533\" height=\"800\" srcset=\"https:\/\/bgc-muenchen.de\/wp-content\/uploads\/2016\/12\/Richard_und_Gisela_Raschke.jpg 533w, https:\/\/bgc-muenchen.de\/wp-content\/uploads\/2016\/12\/Richard_und_Gisela_Raschke-100x150.jpg 100w, https:\/\/bgc-muenchen.de\/wp-content\/uploads\/2016\/12\/Richard_und_Gisela_Raschke-200x300.jpg 200w\" sizes=\"auto, (max-width: 533px) 100vw, 533px\" \/><figcaption id=\"caption-attachment-3038\" class=\"wp-caption-text\">Richard und Gisela Raschke<\/figcaption><\/figure>\n<h4>1982<\/h4>\n<p>Beteiligt an der Gr\u00fcndung der Tanzsportabteilung im TSV Weilheim und Teilnahme am Gesellschaftskreis<\/p>\n<h4>M\u00e4rz 1994<\/h4>\n<p>Erstes Turnier in Klasse D der Altersgruppe Senioren II \u2013 Ergebnis 3. Platz.<\/p>\n<h4>Juni 1994<\/h4>\n<p>2. Platz in der D-Klasse der SEN II beim Deutsch-Schweizer Tanzsport-Meeting in Weil am Rhein und Aufstieg in die C-Klasse.<\/p>\n<h4>Oktober 1996<\/h4>\n<p>Teilnahme an 3 Turnieren der neu eingef\u00fchrten Altersgruppe der Senioren 55 in Seligenstadt, N\u00fcrnberg und Fellbach mit 3 ersten Pl\u00e4tzen \u2013 diese Altersgruppe wird in 1998 von der Altersgruppe der Senioren III abgel\u00f6st.<\/p>\n<h4>November 1996<\/h4>\n<p>Bayerische Meister in der Klasse C der Senioren II, in Schwabach und Aufstieg in die Klasse B der Senioren II<\/p>\n<h4>M\u00e4rz 1997<\/h4>\n<p>Bayerische Meister in der Klasse B der Senioren II, in der Stadthalle in Weilheim<\/p>\n<h4>Januar 1998<\/h4>\n<p>Wechsel in die neu eingef\u00fchrte Altersgruppe der Senioren III<\/p>\n<h4>September 1998<\/h4>\n<p>Bronzemedaille und 3. Platz bei der Bayerischen Meisterschaft der Klasse B, in F\u00fcrth und Aufstieg in die Klasse A der Senioren III<\/p>\n<h4>Juli\/Sept. 2000<\/h4>\n<p>Erste Teilnahme an Turnieren der Deutschen Pokalserie \u201eLeistungsstarke66\u201c in Enzkl\u00f6sterle und Heusenstamm mit einem 7. und einem 1. Platz bei 29 teilnehmenden Paaren<\/p>\n<h4>November 2001<\/h4>\n<p>2. Platz und Deutscher Pokal-Vizemeister in der A-Klasse der Pokalserie \u201eLeistungsstarke 66\u201c in Pattensen bei Hannover<\/p>\n<h4>November 2002<\/h4>\n<p>2. Platz bei der Deutschen Pokalmeisterschaft in der A-Klasse der Pokalserie \u201eLeistungsstarke66\u201c im Einzelturnier und 3. Platz bei der Deutschen Pokalmeisterschaft in der A-Klasse der Pokalserie \u201eLeistungsstarke 66\u201c, in Stuttgart.<\/p>\n<h4>November 2003<\/h4>\n<p>Verleihung des \u201eDeutschen Tanzturnierabzeichens\u201c in Silber durch den DTV<\/p>\n<p>3. Platz im Turnier der \u201eLeistungsstarken 66\u201c in Wilhelmshafen und 5. Platz in der Gesamtwertung der Serie<\/p>\n<h4>Dezember 2003<\/h4>\n<p>3. Platz in der A-Klasse der Senioren III in N\u00fcrnberg und damit verbunden Aufstieg in die S-Klasse.<\/p>\n<h4>Juni 2008<\/h4>\n<p>Teilnahme am ersten Deutschlandpokal (Deutsche Meisterschaft) der Senioren IV in R\u00f6dermark und Platz im Mittelfeld<\/p>\n<h4>Oktober 2008<\/h4>\n<p>Teilnahme am Deutschlandpokal der Senioren III in der Stadthalle Weilheim und Erreichen der n\u00e4chsten Zwischenrunde<\/p>\n<h4>Aug 2009\/2010<\/h4>\n<p>Start bei \u201eWDSF-Open-Standard\u201c der SEN III bei den German Open Championships und damit erstmalige Teilnahme an internationalen Turnieren.<!--more--><\/p>\n<p>[the-post-grid id=&#8220;13536&#8243; title=&#8220;Richard und Gisela Raschke&#8220;]<\/p>\n<p>&nbsp;<\/p>\n<p>&nbsp;<\/p>\n","protected":false},"excerpt":{"rendered":"<p>1982 Beteiligt an der Gr\u00fcndung der Tanzsportabteilung im TSV Weilheim und Teilnahme am Gesellschaftskreis M\u00e4rz 1994 Erstes Turnier in Klasse D der Altersgruppe Senioren II \u2013 Ergebnis 3. Platz. Juni [&hellip;]<\/p>\n","protected":false},"author":3,"featured_media":0,"parent":4615,"menu_order":0,"comment_status":"closed","ping_status":"closed","template":"","meta":{"site-sidebar-layout":"default","site-content-layout":"","ast-site-content-layout":"default","site-content-style":"default","site-sidebar-style":"default","ast-global-header-display":"","ast-banner-title-visibility":"","ast-main-header-display":"","ast-hfb-above-header-display":"","ast-hfb-below-header-display":"","ast-hfb-mobile-header-display":"","site-post-title":"","ast-breadcrumbs-content":"","ast-featured-img":"","footer-sml-layout":"","ast-disable-related-posts":"","theme-transparent-header-meta":"","adv-header-id-meta":"","stick-header-meta":"","header-above-stick-meta":"","header-main-stick-meta":"","header-below-stick-meta":"","astra-migrate-meta-layouts":"default","ast-page-background-enabled":"default","ast-page-background-meta":{"desktop":{"background-color":"var(--ast-global-color-5)","background-image":"","background-repeat":"repeat","background-position":"center center","background-size":"auto","background-attachment":"scroll","background-type":"","background-media":"","overlay-type":"","overlay-color":"","overlay-opacity":"","overlay-gradient":""},"tablet":{"background-color":"","background-image":"","background-repeat":"repeat","background-position":"center center","background-size":"auto","background-attachment":"scroll","background-type":"","background-media":"","overlay-type":"","overlay-color":"","overlay-opacity":"","overlay-gradient":""},"mobile":{"background-color":"","background-image":"","background-repeat":"repeat","background-position":"center center","background-size":"auto","background-attachment":"scroll","background-type":"","background-media":"","overlay-type":"","overlay-color":"","overlay-opacity":"","overlay-gradient":""}},"ast-content-background-meta":{"desktop":{"background-color":"var(--ast-global-color-4)","background-image":"","background-repeat":"repeat","background-position":"center center","background-size":"auto","background-attachment":"scroll","background-type":"","background-media":"","overlay-type":"","overlay-color":"","overlay-opacity":"","overlay-gradient":""},"tablet":{"background-color":"var(--ast-global-color-4)","background-image":"","background-repeat":"repeat","background-position":"center center","background-size":"auto","background-attachment":"scroll","background-type":"","background-media":"","overlay-type":"","overlay-color":"","overlay-opacity":"","overlay-gradient":""},"mobile":{"background-color":"var(--ast-global-color-4)","background-image":"","background-repeat":"repeat","background-position":"center center","background-size":"auto","background-attachment":"scroll","background-type":"","background-media":"","overlay-type":"","overlay-color":"","overlay-opacity":"","overlay-gradient":""}},"footnotes":""},"class_list":["post-3030","page","type-page","status-publish","hentry"],"_links":{"self":[{"href":"https:\/\/bgc-muenchen.de\/index.php?rest_route=\/wp\/v2\/pages\/3030","targetHints":{"allow":["GET"]}}],"collection":[{"href":"https:\/\/bgc-muenchen.de\/index.php?rest_route=\/wp\/v2\/pages"}],"about":[{"href":"https:\/\/bgc-muenchen.de\/index.php?rest_route=\/wp\/v2\/types\/page"}],"author":[{"embeddable":true,"href":"https:\/\/bgc-muenchen.de\/index.php?rest_route=\/wp\/v2\/users\/3"}],"replies":[{"embeddable":true,"href":"https:\/\/bgc-muenchen.de\/index.php?rest_route=%2Fwp%2Fv2%2Fcomments&post=3030"}],"version-history":[{"count":5,"href":"https:\/\/bgc-muenchen.de\/index.php?rest_route=\/wp\/v2\/pages\/3030\/revisions"}],"predecessor-version":[{"id":13540,"href":"https:\/\/bgc-muenchen.de\/index.php?rest_route=\/wp\/v2\/pages\/3030\/revisions\/13540"}],"up":[{"embeddable":true,"href":"https:\/\/bgc-muenchen.de\/index.php?rest_route=\/wp\/v2\/pages\/4615"}],"wp:attachment":[{"href":"https:\/\/bgc-muenchen.de\/index.php?rest_route=%2Fwp%2Fv2%2Fmedia&parent=3030"}],"curies":[{"name":"wp","href":"https:\/\/api.w.org\/{rel}","templated":true}]}}

<figure id="attachment_3038" aria-describedby="caption-attachment-3038" style="width: 533px" class="wp-caption aligncenter"><img loading="lazy" decoding="async" class="size-full wp-image-3038" src="https://bgc-muenchen.de/wp-content/uploads/2016/12/Richard_und_Gisela_Raschke.jpg" alt="Richard und Gisela Raschke" width="533" height="800" srcset="https://bgc-muenchen.de/wp-content/uploads/2016/12/Richard_und_Gisela_Raschke.jpg 533w, https://bgc-muenchen.de/wp-content/uploads/2016/12/Richard_und_Gisela_Raschke-100x150.jpg 100w, https://bgc-muenchen.de/wp-content/uploads/2016/12/Richard_und_Gisela_Raschke-200x300.jpg 200w" sizes="auto, (max-width: 533px) 100vw, 533px" /><figcaption id="caption-attachment-3038" class="wp-caption-text">Richard und Gisela Raschke</figcaption></figure>
<h4>1982</h4>
<p>Beteiligt an der Gründung der Tanzsportabteilung im TSV Weilheim und Teilnahme am Gesellschaftskreis</p>
<h4>März 1994</h4>
<p>Erstes Turnier in Klasse D der Altersgruppe Senioren II – Ergebnis 3. Platz.</p>
<h4>Juni 1994</h4>
<p>2. Platz in der D-Klasse der SEN II beim Deutsch-Schweizer Tanzsport-Meeting in Weil am Rhein und Aufstieg in die C-Klasse.</p>
<h4>Oktober 1996</h4>
<p>Teilnahme an 3 Turnieren der neu eingeführten Altersgruppe der Senioren 55 in Seligenstadt, Nürnberg und Fellbach mit 3 ersten Plätzen – diese Altersgruppe wird in 1998 von der Altersgruppe der Senioren III abgelöst.</p>
<h4>November 1996</h4>
<p>Bayerische Meister in der Klasse C der Senioren II, in Schwabach und Aufstieg in die Klasse B der Senioren II</p>
<h4>März 1997</h4>
<p>Bayerische Meister in der Klasse B der Senioren II, in der Stadthalle in Weilheim</p>
<h4>Januar 1998</h4>
<p>Wechsel in die neu eingeführte Altersgruppe der Senioren III</p>
<h4>September 1998</h4>
<p>Bronzemedaille und 3. Platz bei der Bayerischen Meisterschaft der Klasse B, in Fürth und Aufstieg in die Klasse A der Senioren III</p>
<h4>Juli/Sept. 2000</h4>
<p>Erste Teilnahme an Turnieren der Deutschen Pokalserie „Leistungsstarke66“ in Enzklösterle und Heusenstamm mit einem 7. und einem 1. Platz bei 29 teilnehmenden Paaren</p>
<h4>November 2001</h4>
<p>2. Platz und Deutscher Pokal-Vizemeister in der A-Klasse der Pokalserie „Leistungsstarke 66“ in Pattensen bei Hannover</p>
<h4>November 2002</h4>
<p>2. Platz bei der Deutschen Pokalmeisterschaft in der A-Klasse der Pokalserie „Leistungsstarke66“ im Einzelturnier und 3. Platz bei der Deutschen Pokalmeisterschaft in der A-Klasse der Pokalserie „Leistungsstarke 66“, in Stuttgart.</p>
<h4>November 2003</h4>
<p>Verleihung des „Deutschen Tanzturnierabzeichens“ in Silber durch den DTV</p>
<p>3. Platz im Turnier der „Leistungsstarken 66“ in Wilhelmshafen und 5. Platz in der Gesamtwertung der Serie</p>
<h4>Dezember 2003</h4>
<p>3. Platz in der A-Klasse der Senioren III in Nürnberg und damit verbunden Aufstieg in die S-Klasse.</p>
<h4>Juni 2008</h4>
<p>Teilnahme am ersten Deutschlandpokal (Deutsche Meisterschaft) der Senioren IV in Rödermark und Platz im Mittelfeld</p>
<h4>Oktober 2008</h4>
<p>Teilnahme am Deutschlandpokal der Senioren III in der Stadthalle Weilheim und Erreichen der nächsten Zwischenrunde</p>
<h4>Aug 2009/2010</h4>
<p>Start bei „WDSF-Open-Standard“ der SEN III bei den German Open Championships und damit erstmalige Teilnahme an internationalen Turnieren.<!--more--></p>
<p>[the-post-grid id=&#8220;13536&#8243; title=&#8220;Richard und Gisela Raschke&#8220;]</p>
<p>&nbsp;</p>
<p>&nbsp;</p>

<p>1982 Beteiligt an der Gründung der Tanzsportabteilung im TSV Weilheim und Teilnahme am Gesellschaftskreis März 1994 Erstes Turnier in Klasse D der Altersgruppe Senioren II – Ergebnis 3. Platz. Juni [&hellip;]</p>
