{"id":17102,"date":"2025-10-17T12:09:05","date_gmt":"2025-10-17T10:09:05","guid":{"rendered":"https:\/\/bgc-muenchen.de\/?page_id=17102"},"modified":"2026-03-11T12:00:14","modified_gmt":"2026-03-11T11:00:14","slug":"tag-der-offenen-tuer-5","status":"publish","type":"page","link":"https:\/\/bgc-muenchen.de\/?page_id=17102","title":{"rendered":"Tag der offenen T\u00fcr"},"content":{"rendered":"<h1>Tag der offenen T\u00fcr mit Tanz bis in den Mai<\/h1>\n<p data-start=\"237\" data-end=\"364\">Am <strong data-start=\"240\" data-end=\"258\">30. April 2026<\/strong> \u00f6ffnen wir unsere T\u00fcren und laden herzlich zu einem besonderen Abend in unserem Tanzsportverein\u00a0ein.<\/p>\n<p data-start=\"366\" data-end=\"612\">Ab <strong data-start=\"369\" data-end=\"382\">18:30 Uhr<\/strong> k\u00f6nnen alle Tanzbegeisterten, Neugierigen und Freunde des Vereins unseren Club kennenlernen, die Atmosph\u00e4re erleben und gemeinsam mit uns das Tanzparkett genie\u00dfen. Ob Anf\u00e4nger oder erfahrene T\u00e4nzer \u2013 bei uns ist jeder willkommen.<\/p>\n<p data-start=\"614\" data-end=\"812\">Freut euch auf einen offenen, geselligen Abend mit Musik, Tanz und netten Begegnungen. Und mit ein bisschen Durchhalteverm\u00f6gen tanzen wir sogar <strong data-start=\"758\" data-end=\"776\">bis in den Mai<\/strong> \u2013 ganz offiziell bis <strong data-start=\"798\" data-end=\"811\">00:01 Uhr<\/strong>.<\/p>\n<p data-start=\"814\" data-end=\"909\">Kommt vorbei, bringt gerne Freunde mit und erlebt einen sch\u00f6nen Abend in unserem Tanzsportclub!<\/p>\n<p data-start=\"911\" data-end=\"950\">&#x1f4cd; <strong data-start=\"914\" data-end=\"950\">Ohmstra\u00dfe 14\/II, 85757 Karlsfeld<\/strong><\/p>\n<p data-start=\"952\" data-end=\"976\">Wir freuen uns auf euch!<\/p>\n<p data-start=\"732\" data-end=\"1039\">Hier finden Sie den <a href=\"https:\/\/bgc-muenchen.de\/wp-content\/uploads\/2026\/03\/Tag-der-offenen-Tuer-2026.png\">Flyer<\/a>.<\/p>\n<p>&nbsp;<\/p>\n","protected":false},"excerpt":{"rendered":"<p>Tag der offenen T\u00fcr mit Tanz bis in den Mai Am 30. April 2026 \u00f6ffnen wir unsere T\u00fcren und laden herzlich zu einem besonderen Abend in unserem Tanzsportverein\u00a0ein. Ab 18:30 [&hellip;]<\/p>\n","protected":false},"author":269,"featured_media":0,"parent":0,"menu_order":0,"comment_status":"closed","ping_status":"closed","template":"","meta":{"site-sidebar-layout":"default","site-content-layout":"","ast-site-content-layout":"default","site-content-style":"default","site-sidebar-style":"default","ast-global-header-display":"","ast-banner-title-visibility":"","ast-main-header-display":"","ast-hfb-above-header-display":"","ast-hfb-below-header-display":"","ast-hfb-mobile-header-display":"","site-post-title":"disabled","ast-breadcrumbs-content":"","ast-featured-img":"","footer-sml-layout":"","ast-disable-related-posts":"","theme-transparent-header-meta":"","adv-header-id-meta":"","stick-header-meta":"","header-above-stick-meta":"","header-main-stick-meta":"","header-below-stick-meta":"","astra-migrate-meta-layouts":"default","ast-page-background-enabled":"default","ast-page-background-meta":{"desktop":{"background-color":"var(--ast-global-color-5)","background-image":"","background-repeat":"repeat","background-position":"center center","background-size":"auto","background-attachment":"scroll","background-type":"","background-media":"","overlay-type":"","overlay-color":"","overlay-opacity":"","overlay-gradient":""},"tablet":{"background-color":"","background-image":"","background-repeat":"repeat","background-position":"center center","background-size":"auto","background-attachment":"scroll","background-type":"","background-media":"","overlay-type":"","overlay-color":"","overlay-opacity":"","overlay-gradient":""},"mobile":{"background-color":"","background-image":"","background-repeat":"repeat","background-position":"center center","background-size":"auto","background-attachment":"scroll","background-type":"","background-media":"","overlay-type":"","overlay-color":"","overlay-opacity":"","overlay-gradient":""}},"ast-content-background-meta":{"desktop":{"background-color":"var(--ast-global-color-4)","background-image":"","background-repeat":"repeat","background-position":"center center","background-size":"auto","background-attachment":"scroll","background-type":"","background-media":"","overlay-type":"","overlay-color":"","overlay-opacity":"","overlay-gradient":""},"tablet":{"background-color":"var(--ast-global-color-4)","background-image":"","background-repeat":"repeat","background-position":"center center","background-size":"auto","background-attachment":"scroll","background-type":"","background-media":"","overlay-type":"","overlay-color":"","overlay-opacity":"","overlay-gradient":""},"mobile":{"background-color":"var(--ast-global-color-4)","background-image":"","background-repeat":"repeat","background-position":"center center","background-size":"auto","background-attachment":"scroll","background-type":"","background-media":"","overlay-type":"","overlay-color":"","overlay-opacity":"","overlay-gradient":""}},"footnotes":""},"class_list":["post-17102","page","type-page","status-publish","hentry"],"_links":{"self":[{"href":"https:\/\/bgc-muenchen.de\/index.php?rest_route=\/wp\/v2\/pages\/17102","targetHints":{"allow":["GET"]}}],"collection":[{"href":"https:\/\/bgc-muenchen.de\/index.php?rest_route=\/wp\/v2\/pages"}],"about":[{"href":"https:\/\/bgc-muenchen.de\/index.php?rest_route=\/wp\/v2\/types\/page"}],"author":[{"embeddable":true,"href":"https:\/\/bgc-muenchen.de\/index.php?rest_route=\/wp\/v2\/users\/269"}],"replies":[{"embeddable":true,"href":"https:\/\/bgc-muenchen.de\/index.php?rest_route=%2Fwp%2Fv2%2Fcomments&post=17102"}],"version-history":[{"count":14,"href":"https:\/\/bgc-muenchen.de\/index.php?rest_route=\/wp\/v2\/pages\/17102\/revisions"}],"predecessor-version":[{"id":17347,"href":"https:\/\/bgc-muenchen.de\/index.php?rest_route=\/wp\/v2\/pages\/17102\/revisions\/17347"}],"wp:attachment":[{"href":"https:\/\/bgc-muenchen.de\/index.php?rest_route=%2Fwp%2Fv2%2Fmedia&parent=17102"}],"curies":[{"name":"wp","href":"https:\/\/api.w.org\/{rel}","templated":true}]}}

Tag der offenen Tür

<h1>Tag der offenen Tür mit Tanz bis in den Mai</h1>
<p data-start="237" data-end="364">Am <strong data-start="240" data-end="258">30. April 2026</strong> öffnen wir unsere Türen und laden herzlich zu einem besonderen Abend in unserem Tanzsportverein ein.</p>
<p data-start="366" data-end="612">Ab <strong data-start="369" data-end="382">18:30 Uhr</strong> können alle Tanzbegeisterten, Neugierigen und Freunde des Vereins unseren Club kennenlernen, die Atmosphäre erleben und gemeinsam mit uns das Tanzparkett genießen. Ob Anfänger oder erfahrene Tänzer – bei uns ist jeder willkommen.</p>
<p data-start="614" data-end="812">Freut euch auf einen offenen, geselligen Abend mit Musik, Tanz und netten Begegnungen. Und mit ein bisschen Durchhaltevermögen tanzen wir sogar <strong data-start="758" data-end="776">bis in den Mai</strong> – ganz offiziell bis <strong data-start="798" data-end="811">00:01 Uhr</strong>.</p>
<p data-start="814" data-end="909">Kommt vorbei, bringt gerne Freunde mit und erlebt einen schönen Abend in unserem Tanzsportclub!</p>
<p data-start="911" data-end="950">&#x1f4cd; <strong data-start="914" data-end="950">Ohmstraße 14/II, 85757 Karlsfeld</strong></p>
<p data-start="952" data-end="976">Wir freuen uns auf euch!</p>
<p data-start="732" data-end="1039">Hier finden Sie den <a href="https://bgc-muenchen.de/wp-content/uploads/2026/03/Tag-der-offenen-Tuer-2026.png">Flyer</a>.</p>
<p>&nbsp;</p>

<p>Tag der offenen Tür mit Tanz bis in den Mai Am 30. April 2026 öffnen wir unsere Türen und laden herzlich zu einem besonderen Abend in unserem Tanzsportverein ein. Ab 18:30 [&hellip;]</p>
