{"id":17085,"date":"2025-10-16T16:31:01","date_gmt":"2025-10-16T14:31:01","guid":{"rendered":"https:\/\/bgc-muenchen.de\/?page_id=17085"},"modified":"2025-10-17T12:52:28","modified_gmt":"2025-10-17T10:52:28","slug":"vereinsmotto","status":"publish","type":"page","link":"https:\/\/bgc-muenchen.de\/?page_id=17085","title":{"rendered":"Vereinsmotto"},"content":{"rendered":"<h1>Vereinsmotto<\/h1>\n<h5 data-start=\"349\" data-end=\"398\">Wir sind Teil des gesellschaftlichen Lebens<\/h5>\n<p data-start=\"349\" data-end=\"398\">Wir f\u00f6rdern den engagierten Tanzsport ebenso wie das Tanzvergn\u00fcgen.<br data-start=\"466\" data-end=\"469\" \/>Das Blau-Gold-Casino organisiert festliche B\u00e4lle und Turniere und schafft f\u00fcr Tanzbegeisterte vielf\u00e4ltige Begegnungsm\u00f6glichkeiten.<br data-start=\"599\" data-end=\"602\" \/>Wir f\u00f6rdern den Tanz als Freizeitvergn\u00fcgen ebenso wie den Turnier- und Breitensport durch ein abwechslungsreiches Trainingsangebot.<br data-start=\"733\" data-end=\"736\" \/>Allen, die sich einbringen m\u00f6chten, bieten wir Raum, sich aktiv am Vereinsleben zu beteiligen \u2013 und damit einen wertvollen gesellschaftlichen Beitrag zu leisten.<\/p>\n<h5 data-start=\"899\" data-end=\"939\">Wir f\u00f6rdern Kinder und Jugendliche<\/h5>\n<p data-start=\"940\" data-end=\"1251\">Kinder und Jugendliche sind die Zukunft unseres Vereins. Ihre W\u00fcnsche und Anregungen nehmen wir ernst.<br data-start=\"1042\" data-end=\"1045\" \/>Das Blau-Gold-Casino f\u00fchrt junge T\u00e4nzerinnen und T\u00e4nzer ohne Leistungsdruck an den Tanz heran und erm\u00f6glicht ihnen, entsprechend ihrer Interessen und F\u00e4higkeiten, in die Gruppen der \u00c4lteren hineinzuwachsen.<\/p>\n<h5 data-start=\"1253\" data-end=\"1343\">Wir bieten Seniorinnen und Senioren geistige und k\u00f6rperliche Fitness durch Tanzsport<\/h5>\n<p data-start=\"1344\" data-end=\"1611\">Das Blau-Gold-Casino sch\u00e4tzt die Erfahrung und das Engagement der \u00e4lteren Generation und bewahrt die famili\u00e4re Tradition des Vereins.<br data-start=\"1477\" data-end=\"1480\" \/>F\u00fcr Seniorinnen und Senioren bieten wir eigene Trainingsgruppen an und legen gro\u00dfen Wert auf ihre aktive Teilnahme am Vereinsleben.<\/p>\n<h5 data-start=\"1613\" data-end=\"1666\">Einfach vorbeikommen \u2013 wir freuen uns auf euch!<\/h5>\n<p data-start=\"1667\" data-end=\"1884\">Tanzen ist altersunabh\u00e4ngig.<br data-start=\"1695\" data-end=\"1698\" \/>Wir integrieren Tanzbegeisterte aller Altersgruppen \u2013 Kinder, Jugendliche und Erwachsene \u2013 und legen besonderen Wert auf Akzeptanz, Freude und die individuelle F\u00f6rderung jedes Einzelnen.<\/p>\n<p data-start=\"1886\" data-end=\"2156\">Die harmonische Verbindung von <strong data-start=\"1917\" data-end=\"1980\">Sport, Tanzvergn\u00fcgen und gesellschaftlichen Veranstaltungen<\/strong> ist f\u00fcr uns die Grundlage einer lebendigen Verst\u00e4ndigung \u2013 zwischen Jung und Alt, zwischen Menschen aller Herkunft, verbunden durch die gemeinsame Leidenschaft f\u00fcr das Tanzen.<\/p>\n","protected":false},"excerpt":{"rendered":"<p>Vereinsmotto Wir sind Teil des gesellschaftlichen Lebens Wir f\u00f6rdern den engagierten Tanzsport ebenso wie das Tanzvergn\u00fcgen.Das Blau-Gold-Casino organisiert festliche B\u00e4lle und Turniere und schafft f\u00fcr Tanzbegeisterte vielf\u00e4ltige Begegnungsm\u00f6glichkeiten.Wir f\u00f6rdern den [&hellip;]<\/p>\n","protected":false},"author":269,"featured_media":0,"parent":0,"menu_order":0,"comment_status":"closed","ping_status":"closed","template":"","meta":{"site-sidebar-layout":"default","site-content-layout":"","ast-site-content-layout":"default","site-content-style":"default","site-sidebar-style":"default","ast-global-header-display":"","ast-banner-title-visibility":"","ast-main-header-display":"","ast-hfb-above-header-display":"","ast-hfb-below-header-display":"","ast-hfb-mobile-header-display":"","site-post-title":"","ast-breadcrumbs-content":"","ast-featured-img":"","footer-sml-layout":"","ast-disable-related-posts":"","theme-transparent-header-meta":"","adv-header-id-meta":"","stick-header-meta":"","header-above-stick-meta":"","header-main-stick-meta":"","header-below-stick-meta":"","astra-migrate-meta-layouts":"default","ast-page-background-enabled":"default","ast-page-background-meta":{"desktop":{"background-color":"var(--ast-global-color-5)","background-image":"","background-repeat":"repeat","background-position":"center center","background-size":"auto","background-attachment":"scroll","background-type":"","background-media":"","overlay-type":"","overlay-color":"","overlay-opacity":"","overlay-gradient":""},"tablet":{"background-color":"","background-image":"","background-repeat":"repeat","background-position":"center center","background-size":"auto","background-attachment":"scroll","background-type":"","background-media":"","overlay-type":"","overlay-color":"","overlay-opacity":"","overlay-gradient":""},"mobile":{"background-color":"","background-image":"","background-repeat":"repeat","background-position":"center center","background-size":"auto","background-attachment":"scroll","background-type":"","background-media":"","overlay-type":"","overlay-color":"","overlay-opacity":"","overlay-gradient":""}},"ast-content-background-meta":{"desktop":{"background-color":"var(--ast-global-color-4)","background-image":"","background-repeat":"repeat","background-position":"center center","background-size":"auto","background-attachment":"scroll","background-type":"","background-media":"","overlay-type":"","overlay-color":"","overlay-opacity":"","overlay-gradient":""},"tablet":{"background-color":"var(--ast-global-color-4)","background-image":"","background-repeat":"repeat","background-position":"center center","background-size":"auto","background-attachment":"scroll","background-type":"","background-media":"","overlay-type":"","overlay-color":"","overlay-opacity":"","overlay-gradient":""},"mobile":{"background-color":"var(--ast-global-color-4)","background-image":"","background-repeat":"repeat","background-position":"center center","background-size":"auto","background-attachment":"scroll","background-type":"","background-media":"","overlay-type":"","overlay-color":"","overlay-opacity":"","overlay-gradient":""}},"footnotes":""},"class_list":["post-17085","page","type-page","status-publish","hentry"],"_links":{"self":[{"href":"https:\/\/bgc-muenchen.de\/index.php?rest_route=\/wp\/v2\/pages\/17085","targetHints":{"allow":["GET"]}}],"collection":[{"href":"https:\/\/bgc-muenchen.de\/index.php?rest_route=\/wp\/v2\/pages"}],"about":[{"href":"https:\/\/bgc-muenchen.de\/index.php?rest_route=\/wp\/v2\/types\/page"}],"author":[{"embeddable":true,"href":"https:\/\/bgc-muenchen.de\/index.php?rest_route=\/wp\/v2\/users\/269"}],"replies":[{"embeddable":true,"href":"https:\/\/bgc-muenchen.de\/index.php?rest_route=%2Fwp%2Fv2%2Fcomments&post=17085"}],"version-history":[{"count":10,"href":"https:\/\/bgc-muenchen.de\/index.php?rest_route=\/wp\/v2\/pages\/17085\/revisions"}],"predecessor-version":[{"id":17128,"href":"https:\/\/bgc-muenchen.de\/index.php?rest_route=\/wp\/v2\/pages\/17085\/revisions\/17128"}],"wp:attachment":[{"href":"https:\/\/bgc-muenchen.de\/index.php?rest_route=%2Fwp%2Fv2%2Fmedia&parent=17085"}],"curies":[{"name":"wp","href":"https:\/\/api.w.org\/{rel}","templated":true}]}}