{"id":14254,"date":"2022-03-05T22:30:46","date_gmt":"2022-03-05T21:30:46","guid":{"rendered":"https:\/\/bgc-muenchen.de\/?page_id=14254"},"modified":"2022-10-07T10:15:29","modified_gmt":"2022-10-07T08:15:29","slug":"privatsphaere","status":"publish","type":"page","link":"https:\/\/bgc-muenchen.de\/?page_id=14254","title":{"rendered":"Privatsph\u00e4re"},"content":{"rendered":"<p>Auf dieser Seite haben sie die M\u00f6glichkeit, die Einstellungen f\u00fcr die Cookie-Verwaltung und damit die Anzeige des entsprechenden Inhalte zu steuern. Wird eine Karte oder ein Video nicht angezeigt liegt das wahrscheinlich an den gew\u00e4hlten Cookie-Einstellungen. Mit den nachfolgenden Links lassen sich die Einstellungen \u00e4ndern, die Historie der Einstellungen anzeigen und die Einstellungen widerrufen.<\/p>\n<h4>Privatsp\u00e4re-Einstellungen \u00e4ndern<\/h4>\n<p>[rcb-consent type=&#8220;change&#8220; tag=&#8220;a&#8220; text=&#8220;Privatsph\u00e4re-Einstellungen \u00e4ndern&#8220;]<\/p>\n<p>&nbsp;<\/p>\n<h4>Historie der Privatsp\u00e4re-Einstellungen anzeigen<\/h4>\n<p>[rcb-consent type=&#8220;history&#8220; tag=&#8220;a&#8220; text=&#8220;Historie der Privatsph\u00e4re-Einstellungen&#8220;]<\/p>\n<p>&nbsp;<\/p>\n<h4>Einwilligungen widerrufen<\/h4>\n<p>[rcb-consent type=&#8220;revoke&#8220; tag=&#8220;a&#8220; text=&#8220;Einwilligungen widerrufen&#8220; successmessage=&#8220;Du hast die Einwilligung erfolgreich widerrufen. Die Seite wird nun neu geladen.&#8220;]<\/p>\n<p>&nbsp;<\/p>\n<p>&nbsp;<\/p>\n","protected":false},"excerpt":{"rendered":"<p>Auf dieser Seite haben sie die M\u00f6glichkeit, die Einstellungen f\u00fcr die Cookie-Verwaltung und damit die Anzeige des entsprechenden Inhalte zu steuern. Wird eine Karte oder ein Video nicht angezeigt liegt [&hellip;]<\/p>\n","protected":false},"author":3,"featured_media":0,"parent":0,"menu_order":0,"comment_status":"closed","ping_status":"closed","template":"","meta":{"site-sidebar-layout":"default","site-content-layout":"","ast-site-content-layout":"default","site-content-style":"default","site-sidebar-style":"default","ast-global-header-display":"","ast-banner-title-visibility":"","ast-main-header-display":"","ast-hfb-above-header-display":"","ast-hfb-below-header-display":"","ast-hfb-mobile-header-display":"","site-post-title":"","ast-breadcrumbs-content":"","ast-featured-img":"","footer-sml-layout":"","ast-disable-related-posts":"","theme-transparent-header-meta":"","adv-header-id-meta":"","stick-header-meta":"","header-above-stick-meta":"","header-main-stick-meta":"","header-below-stick-meta":"","astra-migrate-meta-layouts":"default","ast-page-background-enabled":"default","ast-page-background-meta":{"desktop":{"background-color":"var(--ast-global-color-5)","background-image":"","background-repeat":"repeat","background-position":"center center","background-size":"auto","background-attachment":"scroll","background-type":"","background-media":"","overlay-type":"","overlay-color":"","overlay-opacity":"","overlay-gradient":""},"tablet":{"background-color":"","background-image":"","background-repeat":"repeat","background-position":"center center","background-size":"auto","background-attachment":"scroll","background-type":"","background-media":"","overlay-type":"","overlay-color":"","overlay-opacity":"","overlay-gradient":""},"mobile":{"background-color":"","background-image":"","background-repeat":"repeat","background-position":"center center","background-size":"auto","background-attachment":"scroll","background-type":"","background-media":"","overlay-type":"","overlay-color":"","overlay-opacity":"","overlay-gradient":""}},"ast-content-background-meta":{"desktop":{"background-color":"var(--ast-global-color-4)","background-image":"","background-repeat":"repeat","background-position":"center center","background-size":"auto","background-attachment":"scroll","background-type":"","background-media":"","overlay-type":"","overlay-color":"","overlay-opacity":"","overlay-gradient":""},"tablet":{"background-color":"var(--ast-global-color-4)","background-image":"","background-repeat":"repeat","background-position":"center center","background-size":"auto","background-attachment":"scroll","background-type":"","background-media":"","overlay-type":"","overlay-color":"","overlay-opacity":"","overlay-gradient":""},"mobile":{"background-color":"var(--ast-global-color-4)","background-image":"","background-repeat":"repeat","background-position":"center center","background-size":"auto","background-attachment":"scroll","background-type":"","background-media":"","overlay-type":"","overlay-color":"","overlay-opacity":"","overlay-gradient":""}},"footnotes":""},"class_list":["post-14254","page","type-page","status-publish","hentry"],"_links":{"self":[{"href":"https:\/\/bgc-muenchen.de\/index.php?rest_route=\/wp\/v2\/pages\/14254","targetHints":{"allow":["GET"]}}],"collection":[{"href":"https:\/\/bgc-muenchen.de\/index.php?rest_route=\/wp\/v2\/pages"}],"about":[{"href":"https:\/\/bgc-muenchen.de\/index.php?rest_route=\/wp\/v2\/types\/page"}],"author":[{"embeddable":true,"href":"https:\/\/bgc-muenchen.de\/index.php?rest_route=\/wp\/v2\/users\/3"}],"replies":[{"embeddable":true,"href":"https:\/\/bgc-muenchen.de\/index.php?rest_route=%2Fwp%2Fv2%2Fcomments&post=14254"}],"version-history":[{"count":5,"href":"https:\/\/bgc-muenchen.de\/index.php?rest_route=\/wp\/v2\/pages\/14254\/revisions"}],"predecessor-version":[{"id":14274,"href":"https:\/\/bgc-muenchen.de\/index.php?rest_route=\/wp\/v2\/pages\/14254\/revisions\/14274"}],"wp:attachment":[{"href":"https:\/\/bgc-muenchen.de\/index.php?rest_route=%2Fwp%2Fv2%2Fmedia&parent=14254"}],"curies":[{"name":"wp","href":"https:\/\/api.w.org\/{rel}","templated":true}]}}