{"id":14082,"date":"2022-09-23T23:42:40","date_gmt":"2022-09-23T21:42:40","guid":{"rendered":"https:\/\/bgc-muenchen.de\/?page_id=14082"},"modified":"2022-09-26T00:04:00","modified_gmt":"2022-09-25T22:04:00","slug":"kursanmeldung-tp-standard","status":"publish","type":"page","link":"https:\/\/bgc-muenchen.de\/?page_id=14082","title":{"rendered":"Kursanmeldung TP-Standard"},"content":{"rendered":"<p><strong>Liebe Turnierpaare von Eintracht Karlsfeld. Herzlich willkommen zur Trainingsgemeinschaft f\u00fcr das Turnierpaartraining Standard.<\/strong><\/p>\n<p>Auf Grund der aktuellen immer noch bestehenden Gef\u00e4hrdung durch das\u00a0 Covid-19 Virus kann es erforderlich sein, die Anzahl der Teilnehmer an den Trainingseinheiten zu begrenzen. Au\u00dferdem werden im Infektionsfalle die Kontaktdaten f\u00fcr eine schnelle Information der Teilnehmer ben\u00f6tigt, deshalb besteht eine Anmeldepflicht f\u00fcr die jeweiligen Trainingseinheiten.<\/p>\n<p>Die Teilnahme an den Trainingseinheiten kann \u00fcber die jeweilige Detailseite der Trainingseinheit (Trainingsangebot \/ Tag) gebucht werden. Die Trainingseinheit ist fr\u00fchestens 21 Tage im voraus buchbar. Die Buchungsfrist endet am Kurstag um 0:00 Uhr des jeweiligen Kurstages. Das System versendet als erstes eine Best\u00e4tigung der Buchungsanfrage. Nach Genehmigung durch den Sportwart erhaltet Ihr eine Buchgungsbest\u00e4tgiung. Wenn Ihr verhindert seid, und Eure Buchung stornieren m\u00fcsst, dann k\u00f6nnt Ihr das \u00fcber die Seite <a href=\"https:\/\/bgc-muenchen.de\/veranstaltungen__trashed\/meine-buchungen\/\" target=\"_blank\" rel=\"noopener noreferrer\"><strong>Meine Buchungen<\/strong><\/a> durchf\u00fchren. Falls eine Absage \u00fcber die Webseite nicht mehr m\u00f6glich ist, dann sendet bitte eine Email an <a href=\"mailto:training@bgc-muenchen.de\" target=\"_blank\" rel=\"noopener\"><strong>training@bgc-muenchen.de<\/strong><\/a> und informiert uns \u00fcber die Stornierung der Teilnahme am Training.<\/p>\n<p>Auf der jeweiligen Seite der Trainingseinheit wird Euch angezeigt, wieviele Pl\u00e4tze bereits fest gebucht sind.<\/p>\n<h3>Trainingseinheiten in den n\u00e4chsten Wochen<\/h3>\n<p><code>[events_list_grouped mode=\"weekly\" category=\"239\" ]<\/code><code><\/code><\/p>\n","protected":false},"excerpt":{"rendered":"<p>Liebe Turnierpaare von Eintracht Karlsfeld. Herzlich willkommen zur Trainingsgemeinschaft f\u00fcr das Turnierpaartraining Standard. Auf Grund der aktuellen immer noch bestehenden Gef\u00e4hrdung durch das\u00a0 Covid-19 Virus kann es erforderlich sein, die [&hellip;]<\/p>\n","protected":false},"author":3,"featured_media":0,"parent":0,"menu_order":0,"comment_status":"closed","ping_status":"closed","template":"template-full.php","meta":{"site-sidebar-layout":"default","site-content-layout":"","ast-site-content-layout":"default","site-content-style":"default","site-sidebar-style":"default","ast-global-header-display":"","ast-banner-title-visibility":"","ast-main-header-display":"","ast-hfb-above-header-display":"","ast-hfb-below-header-display":"","ast-hfb-mobile-header-display":"","site-post-title":"","ast-breadcrumbs-content":"","ast-featured-img":"","footer-sml-layout":"","ast-disable-related-posts":"","theme-transparent-header-meta":"","adv-header-id-meta":"","stick-header-meta":"","header-above-stick-meta":"","header-main-stick-meta":"","header-below-stick-meta":"","astra-migrate-meta-layouts":"default","ast-page-background-enabled":"default","ast-page-background-meta":{"desktop":{"background-color":"var(--ast-global-color-5)","background-image":"","background-repeat":"repeat","background-position":"center center","background-size":"auto","background-attachment":"scroll","background-type":"","background-media":"","overlay-type":"","overlay-color":"","overlay-opacity":"","overlay-gradient":""},"tablet":{"background-color":"","background-image":"","background-repeat":"repeat","background-position":"center center","background-size":"auto","background-attachment":"scroll","background-type":"","background-media":"","overlay-type":"","overlay-color":"","overlay-opacity":"","overlay-gradient":""},"mobile":{"background-color":"","background-image":"","background-repeat":"repeat","background-position":"center center","background-size":"auto","background-attachment":"scroll","background-type":"","background-media":"","overlay-type":"","overlay-color":"","overlay-opacity":"","overlay-gradient":""}},"ast-content-background-meta":{"desktop":{"background-color":"var(--ast-global-color-4)","background-image":"","background-repeat":"repeat","background-position":"center center","background-size":"auto","background-attachment":"scroll","background-type":"","background-media":"","overlay-type":"","overlay-color":"","overlay-opacity":"","overlay-gradient":""},"tablet":{"background-color":"var(--ast-global-color-4)","background-image":"","background-repeat":"repeat","background-position":"center center","background-size":"auto","background-attachment":"scroll","background-type":"","background-media":"","overlay-type":"","overlay-color":"","overlay-opacity":"","overlay-gradient":""},"mobile":{"background-color":"var(--ast-global-color-4)","background-image":"","background-repeat":"repeat","background-position":"center center","background-size":"auto","background-attachment":"scroll","background-type":"","background-media":"","overlay-type":"","overlay-color":"","overlay-opacity":"","overlay-gradient":""}},"footnotes":""},"class_list":["post-14082","page","type-page","status-publish","hentry"],"_links":{"self":[{"href":"https:\/\/bgc-muenchen.de\/index.php?rest_route=\/wp\/v2\/pages\/14082","targetHints":{"allow":["GET"]}}],"collection":[{"href":"https:\/\/bgc-muenchen.de\/index.php?rest_route=\/wp\/v2\/pages"}],"about":[{"href":"https:\/\/bgc-muenchen.de\/index.php?rest_route=\/wp\/v2\/types\/page"}],"author":[{"embeddable":true,"href":"https:\/\/bgc-muenchen.de\/index.php?rest_route=\/wp\/v2\/users\/3"}],"replies":[{"embeddable":true,"href":"https:\/\/bgc-muenchen.de\/index.php?rest_route=%2Fwp%2Fv2%2Fcomments&post=14082"}],"version-history":[{"count":5,"href":"https:\/\/bgc-muenchen.de\/index.php?rest_route=\/wp\/v2\/pages\/14082\/revisions"}],"predecessor-version":[{"id":14210,"href":"https:\/\/bgc-muenchen.de\/index.php?rest_route=\/wp\/v2\/pages\/14082\/revisions\/14210"}],"wp:attachment":[{"href":"https:\/\/bgc-muenchen.de\/index.php?rest_route=%2Fwp%2Fv2%2Fmedia&parent=14082"}],"curies":[{"name":"wp","href":"https:\/\/api.w.org\/{rel}","templated":true}]}}