{"id":13924,"date":"2022-08-10T00:52:47","date_gmt":"2022-08-09T22:52:47","guid":{"rendered":"https:\/\/bgc-muenchen.de\/?page_id=13924"},"modified":"2022-08-10T00:52:47","modified_gmt":"2022-08-09T22:52:47","slug":"tag-der-offenen-tuer-2","status":"publish","type":"page","link":"https:\/\/bgc-muenchen.de\/?page_id=13924","title":{"rendered":"Tag der offenen T\u00fcr"},"content":{"rendered":"<p>Am <strong>Sonntag, den 16.10.2022<\/strong> laden wir Sie herzlich ein zu einem Tag der offenen T\u00fcr in unser Vereinsheim ein. Im Rahmen von Kurzworkshop\u2019s zeigen Ihnen unsere Trainer einen Ausschnitt Ihres K\u00f6nnens. Diese Workshop\u2019s sind zum Mitmachen gedacht, also kommen Sie vorbei und Tanzen Sie mit uns.<\/p>\n<p>F\u00fcr das leibliche Wohl wird ebenfalls gesorgt sein, Kaffee und Kuchen stehen in gro\u00dfer Vielfalt f\u00fcr Sie bereit.<\/p>\n<p>Den Programmablauf werden wir hier in den den n\u00e4chsten Wochen bekannt geben.<\/p>\n","protected":false},"excerpt":{"rendered":"<p>Am Sonntag, den 16.10.2022 laden wir Sie herzlich ein zu einem Tag der offenen T\u00fcr in unser Vereinsheim ein. Im Rahmen von Kurzworkshop\u2019s zeigen Ihnen unsere Trainer einen Ausschnitt Ihres [&hellip;]<\/p>\n","protected":false},"author":3,"featured_media":0,"parent":0,"menu_order":0,"comment_status":"closed","ping_status":"closed","template":"","meta":{"site-sidebar-layout":"default","site-content-layout":"","ast-site-content-layout":"default","site-content-style":"default","site-sidebar-style":"default","ast-global-header-display":"","ast-banner-title-visibility":"","ast-main-header-display":"","ast-hfb-above-header-display":"","ast-hfb-below-header-display":"","ast-hfb-mobile-header-display":"","site-post-title":"","ast-breadcrumbs-content":"","ast-featured-img":"","footer-sml-layout":"","ast-disable-related-posts":"","theme-transparent-header-meta":"","adv-header-id-meta":"","stick-header-meta":"","header-above-stick-meta":"","header-main-stick-meta":"","header-below-stick-meta":"","astra-migrate-meta-layouts":"default","ast-page-background-enabled":"default","ast-page-background-meta":{"desktop":{"background-color":"var(--ast-global-color-5)","background-image":"","background-repeat":"repeat","background-position":"center center","background-size":"auto","background-attachment":"scroll","background-type":"","background-media":"","overlay-type":"","overlay-color":"","overlay-opacity":"","overlay-gradient":""},"tablet":{"background-color":"","background-image":"","background-repeat":"repeat","background-position":"center center","background-size":"auto","background-attachment":"scroll","background-type":"","background-media":"","overlay-type":"","overlay-color":"","overlay-opacity":"","overlay-gradient":""},"mobile":{"background-color":"","background-image":"","background-repeat":"repeat","background-position":"center center","background-size":"auto","background-attachment":"scroll","background-type":"","background-media":"","overlay-type":"","overlay-color":"","overlay-opacity":"","overlay-gradient":""}},"ast-content-background-meta":{"desktop":{"background-color":"var(--ast-global-color-4)","background-image":"","background-repeat":"repeat","background-position":"center center","background-size":"auto","background-attachment":"scroll","background-type":"","background-media":"","overlay-type":"","overlay-color":"","overlay-opacity":"","overlay-gradient":""},"tablet":{"background-color":"var(--ast-global-color-4)","background-image":"","background-repeat":"repeat","background-position":"center center","background-size":"auto","background-attachment":"scroll","background-type":"","background-media":"","overlay-type":"","overlay-color":"","overlay-opacity":"","overlay-gradient":""},"mobile":{"background-color":"var(--ast-global-color-4)","background-image":"","background-repeat":"repeat","background-position":"center center","background-size":"auto","background-attachment":"scroll","background-type":"","background-media":"","overlay-type":"","overlay-color":"","overlay-opacity":"","overlay-gradient":""}},"footnotes":""},"class_list":["post-13924","page","type-page","status-publish","hentry"],"_links":{"self":[{"href":"https:\/\/bgc-muenchen.de\/index.php?rest_route=\/wp\/v2\/pages\/13924","targetHints":{"allow":["GET"]}}],"collection":[{"href":"https:\/\/bgc-muenchen.de\/index.php?rest_route=\/wp\/v2\/pages"}],"about":[{"href":"https:\/\/bgc-muenchen.de\/index.php?rest_route=\/wp\/v2\/types\/page"}],"author":[{"embeddable":true,"href":"https:\/\/bgc-muenchen.de\/index.php?rest_route=\/wp\/v2\/users\/3"}],"replies":[{"embeddable":true,"href":"https:\/\/bgc-muenchen.de\/index.php?rest_route=%2Fwp%2Fv2%2Fcomments&post=13924"}],"version-history":[{"count":1,"href":"https:\/\/bgc-muenchen.de\/index.php?rest_route=\/wp\/v2\/pages\/13924\/revisions"}],"predecessor-version":[{"id":13925,"href":"https:\/\/bgc-muenchen.de\/index.php?rest_route=\/wp\/v2\/pages\/13924\/revisions\/13925"}],"wp:attachment":[{"href":"https:\/\/bgc-muenchen.de\/index.php?rest_route=%2Fwp%2Fv2%2Fmedia&parent=13924"}],"curies":[{"name":"wp","href":"https:\/\/api.w.org\/{rel}","templated":true}]}}