{"id":13797,"date":"2022-07-14T14:48:36","date_gmt":"2022-07-14T12:48:36","guid":{"rendered":"https:\/\/bgc-muenchen.de\/?page_id=13797"},"modified":"2025-03-30T17:20:03","modified_gmt":"2025-03-30T15:20:03","slug":"trainer","status":"publish","type":"page","link":"https:\/\/bgc-muenchen.de\/?page_id=13797","title":{"rendered":"Trainer"},"content":{"rendered":"<h2>Standard und Latein<\/h2>\n<figure><img loading=\"lazy\" decoding=\"async\" width=\"400\" height=\"300\" src=\"https:\/\/bgc-muenchen.de\/wp-content\/uploads\/2022\/07\/BGC-2022-Andrij-Spiech.jpg\" alt=\"\" \/><\/figure>\n<h4>Andrij Spiech<\/h4>\n<h6>T\u00e4nzerische Laufbahn<\/h6>\n<table style=\"border-collapse: collapse; width: 100%;\">\n<tbody>\n<tr>\n<td style=\"width: 16.3866%;\" width=\"141\">\n<p>1982 \u2013 1984<\/p>\n<\/td>\n<td style=\"width: 83.1933%;\" width=\"463\">\n<p><strong>Mitglied Jazztanzformation im TV Planegg <\/strong>1984 Erster Rang auf dem Deutschen Sportfest in Berlin<\/p>\n<\/td>\n<\/tr>\n<tr>\n<td style=\"width: 16.3866%;\" width=\"141\">\n<p>1989 \u2013 2000<\/p>\n<\/td>\n<td style=\"width: 83.1933%;\" width=\"463\">\n<p><strong>Turniertanzsport (bis Hgr. S-Lat\/A-St) <\/strong>Bayerischer Meister D-Lat 1989 Bayerischer Meister C-Lat 1989 Bayerischer Meister A-Lat 1992 S\u00fcddeutscher Vizemeister A-Lat 1992 Deutscher Vizemeister A-Lat 1992 Mitglied im Sportf\u00f6rderkader 1992<\/p>\n<\/td>\n<\/tr>\n<tr>\n<td style=\"width: 16.3866%;\" width=\"141\">\n<p>1992 \u2013 1993<\/p>\n<\/td>\n<td style=\"width: 83.1933%;\" width=\"463\">\n<p><strong>Mitglied Lateinformation A-Team des TCS Augsburg <\/strong>Teilnahme an Wettk\u00e4mpfen in der 1. Bundesliga<\/p>\n<\/td>\n<\/tr>\n<tr>\n<td style=\"width: 16.3866%;\" width=\"141\">\n<p>1996 \u2013 2014<\/p>\n<\/td>\n<td style=\"width: 83.1933%;\" width=\"463\">\n<p><strong>Mitglied der Cumpania &#8222;Flamenco Morato&#8220; in M\u00fcnchen <\/strong>Zahlreiche Auftritte und Konzerte im In- und Ausland (Deutschland, \u00d6sterreich, Schweiz)<\/p>\n<\/td>\n<\/tr>\n<tr>\n<td style=\"width: 16.3866%;\" width=\"141\">\n<p>2001 \u2013 2002<\/p>\n<\/td>\n<td style=\"width: 83.1933%;\" width=\"463\">\n<p><strong>Teilnahme an Dance4Fans-Contests <\/strong>Sieger des Deutschland-Cups in Essen 2002 Finalist der Europameisterschaft in M\u00fcnchen 2002<\/p>\n<\/td>\n<\/tr>\n<\/tbody>\n<\/table>\n<h6>Trainerausbildung<\/h6>\n<table style=\"border-collapse: collapse; width: 100%;\">\n<tbody>\n<tr>\n<td style=\"width: 16.8067%;\" width=\"141\">\n<p>1997<\/p>\n<\/td>\n<td style=\"width: 82.7731%;\" width=\"463\">\n<p><strong>Ausbildung zum staatl. gepr. Trainer-C <\/strong>Lateinamerikanische T\u00e4nze<\/p>\n<\/td>\n<\/tr>\n<tr>\n<td style=\"width: 16.8067%;\" width=\"141\">\n<p>1999<\/p>\n<\/td>\n<td style=\"width: 82.7731%;\" width=\"463\">\n<p><strong>Ausbildung zum staatl. gepr. Trainer-B <\/strong>Lateinamerikanische T\u00e4nze<\/p>\n<\/td>\n<\/tr>\n<tr>\n<td style=\"width: 16.8067%;\" width=\"141\">\n<p>2001<\/p>\n<\/td>\n<td style=\"width: 82.7731%;\" width=\"463\">\n<p><strong>Ausbildung zum staatl. gepr. Trainer-C <\/strong>Standardt\u00e4nze<\/p>\n<\/td>\n<\/tr>\n<\/tbody>\n<\/table>\n<figure><img loading=\"lazy\" decoding=\"async\" width=\"399\" height=\"300\" src=\"https:\/\/bgc-muenchen.de\/wp-content\/uploads\/2020\/07\/2020-EM-Nadine-Lammer.jpg\" alt=\"\" \/><\/figure>\n<h4>Nadine Lammer<\/h4>\n<p>Ehemalige B-Klasse-T\u00e4nzerin \u00fcber 10 T\u00e4nze, Trainerin C &#8211; Standard und Latein<\/p>\n<figure><img loading=\"lazy\" decoding=\"async\" width=\"399\" height=\"300\" src=\"https:\/\/bgc-muenchen.de\/wp-content\/uploads\/2020\/06\/2020-EM_Gisela-Kl\u00f6pfer.jpg\" alt=\"\" \/><\/figure>\n<h4>Gisela Kl\u00f6pfer<\/h4>\n<p>Ehemalige S-Klasse T\u00e4nzerin, Wertungsrichterin, Turnierleiterin, Vereinsmanagerin-B.<\/p>\n<figure><img loading=\"lazy\" decoding=\"async\" width=\"400\" height=\"300\" src=\"https:\/\/bgc-muenchen.de\/wp-content\/uploads\/2020\/06\/2020-EM_Karl-Kl\u00f6pfer.jpg\" alt=\"\" \/><\/figure>\n<h4>Karl Kl\u00f6pfer<\/h4>\n<p>Ehemaliger S-Klasse T\u00e4nzer, Trainer B-Standard, Fach\u00fcbungsleiter 10 T\u00e4nze, Wertungsrichter, Turnierleiter, Vereinsmanager-A<\/p>\n<h2>Discofox<\/h2>\n<figure><img loading=\"lazy\" decoding=\"async\" width=\"400\" height=\"300\" src=\"https:\/\/bgc-muenchen.de\/wp-content\/uploads\/2020\/06\/2020-EM_Beate-und-Didi_400.jpg\" alt=\"\" \/><\/figure>\n<h4>Beate und Didi Dietrich<\/h4>\n<p>Ehemalige A-Klasse-T\u00e4nzer Standard<\/p>\n","protected":false},"excerpt":{"rendered":"<p>Standard und Latein Andrij Spiech T\u00e4nzerische Laufbahn 1982 \u2013 1984 Mitglied Jazztanzformation im TV Planegg 1984 Erster Rang auf dem Deutschen Sportfest in Berlin 1989 \u2013 2000 Turniertanzsport (bis Hgr. [&hellip;]<\/p>\n","protected":false},"author":3,"featured_media":0,"parent":5,"menu_order":0,"comment_status":"closed","ping_status":"closed","template":"","meta":{"site-sidebar-layout":"default","site-content-layout":"","ast-site-content-layout":"default","site-content-style":"default","site-sidebar-style":"default","ast-global-header-display":"","ast-banner-title-visibility":"","ast-main-header-display":"","ast-hfb-above-header-display":"","ast-hfb-below-header-display":"","ast-hfb-mobile-header-display":"","site-post-title":"","ast-breadcrumbs-content":"","ast-featured-img":"","footer-sml-layout":"","ast-disable-related-posts":"","theme-transparent-header-meta":"","adv-header-id-meta":"","stick-header-meta":"","header-above-stick-meta":"","header-main-stick-meta":"","header-below-stick-meta":"","astra-migrate-meta-layouts":"default","ast-page-background-enabled":"default","ast-page-background-meta":{"desktop":{"background-color":"var(--ast-global-color-5)","background-image":"","background-repeat":"repeat","background-position":"center center","background-size":"auto","background-attachment":"scroll","background-type":"","background-media":"","overlay-type":"","overlay-color":"","overlay-opacity":"","overlay-gradient":""},"tablet":{"background-color":"","background-image":"","background-repeat":"repeat","background-position":"center center","background-size":"auto","background-attachment":"scroll","background-type":"","background-media":"","overlay-type":"","overlay-color":"","overlay-opacity":"","overlay-gradient":""},"mobile":{"background-color":"","background-image":"","background-repeat":"repeat","background-position":"center center","background-size":"auto","background-attachment":"scroll","background-type":"","background-media":"","overlay-type":"","overlay-color":"","overlay-opacity":"","overlay-gradient":""}},"ast-content-background-meta":{"desktop":{"background-color":"var(--ast-global-color-4)","background-image":"","background-repeat":"repeat","background-position":"center center","background-size":"auto","background-attachment":"scroll","background-type":"","background-media":"","overlay-type":"","overlay-color":"","overlay-opacity":"","overlay-gradient":""},"tablet":{"background-color":"var(--ast-global-color-4)","background-image":"","background-repeat":"repeat","background-position":"center center","background-size":"auto","background-attachment":"scroll","background-type":"","background-media":"","overlay-type":"","overlay-color":"","overlay-opacity":"","overlay-gradient":""},"mobile":{"background-color":"var(--ast-global-color-4)","background-image":"","background-repeat":"repeat","background-position":"center center","background-size":"auto","background-attachment":"scroll","background-type":"","background-media":"","overlay-type":"","overlay-color":"","overlay-opacity":"","overlay-gradient":""}},"footnotes":""},"class_list":["post-13797","page","type-page","status-publish","hentry"],"_links":{"self":[{"href":"https:\/\/bgc-muenchen.de\/index.php?rest_route=\/wp\/v2\/pages\/13797","targetHints":{"allow":["GET"]}}],"collection":[{"href":"https:\/\/bgc-muenchen.de\/index.php?rest_route=\/wp\/v2\/pages"}],"about":[{"href":"https:\/\/bgc-muenchen.de\/index.php?rest_route=\/wp\/v2\/types\/page"}],"author":[{"embeddable":true,"href":"https:\/\/bgc-muenchen.de\/index.php?rest_route=\/wp\/v2\/users\/3"}],"replies":[{"embeddable":true,"href":"https:\/\/bgc-muenchen.de\/index.php?rest_route=%2Fwp%2Fv2%2Fcomments&post=13797"}],"version-history":[{"count":8,"href":"https:\/\/bgc-muenchen.de\/index.php?rest_route=\/wp\/v2\/pages\/13797\/revisions"}],"predecessor-version":[{"id":16581,"href":"https:\/\/bgc-muenchen.de\/index.php?rest_route=\/wp\/v2\/pages\/13797\/revisions\/16581"}],"up":[{"embeddable":true,"href":"https:\/\/bgc-muenchen.de\/index.php?rest_route=\/wp\/v2\/pages\/5"}],"wp:attachment":[{"href":"https:\/\/bgc-muenchen.de\/index.php?rest_route=%2Fwp%2Fv2%2Fmedia&parent=13797"}],"curies":[{"name":"wp","href":"https:\/\/api.w.org\/{rel}","templated":true}]}}

<h2>Standard und Latein</h2>
<figure><img loading="lazy" decoding="async" width="400" height="300" src="https://bgc-muenchen.de/wp-content/uploads/2022/07/BGC-2022-Andrij-Spiech.jpg" alt="" /></figure>
<h4>Andrij Spiech</h4>
<h6>Tänzerische Laufbahn</h6>
<table style="border-collapse: collapse; width: 100%;">
<tbody>
<tr>
<td style="width: 16.3866%;" width="141">
<p>1982 – 1984</p>
</td>
<td style="width: 83.1933%;" width="463">
<p><strong>Mitglied Jazztanzformation im TV Planegg </strong>1984 Erster Rang auf dem Deutschen Sportfest in Berlin</p>
</td>
</tr>
<tr>
<td style="width: 16.3866%;" width="141">
<p>1989 – 2000</p>
</td>
<td style="width: 83.1933%;" width="463">
<p><strong>Turniertanzsport (bis Hgr. S-Lat/A-St) </strong>Bayerischer Meister D-Lat 1989 Bayerischer Meister C-Lat 1989 Bayerischer Meister A-Lat 1992 Süddeutscher Vizemeister A-Lat 1992 Deutscher Vizemeister A-Lat 1992 Mitglied im Sportförderkader 1992</p>
</td>
</tr>
<tr>
<td style="width: 16.3866%;" width="141">
<p>1992 – 1993</p>
</td>
<td style="width: 83.1933%;" width="463">
<p><strong>Mitglied Lateinformation A-Team des TCS Augsburg </strong>Teilnahme an Wettkämpfen in der 1. Bundesliga</p>
</td>
</tr>
<tr>
<td style="width: 16.3866%;" width="141">
<p>1996 – 2014</p>
</td>
<td style="width: 83.1933%;" width="463">
<p><strong>Mitglied der Cumpania &#8222;Flamenco Morato&#8220; in München </strong>Zahlreiche Auftritte und Konzerte im In- und Ausland (Deutschland, Österreich, Schweiz)</p>
</td>
</tr>
<tr>
<td style="width: 16.3866%;" width="141">
<p>2001 – 2002</p>
</td>
<td style="width: 83.1933%;" width="463">
<p><strong>Teilnahme an Dance4Fans-Contests </strong>Sieger des Deutschland-Cups in Essen 2002 Finalist der Europameisterschaft in München 2002</p>
</td>
</tr>
</tbody>
</table>
<h6>Trainerausbildung</h6>
<table style="border-collapse: collapse; width: 100%;">
<tbody>
<tr>
<td style="width: 16.8067%;" width="141">
<p>1997</p>
</td>
<td style="width: 82.7731%;" width="463">
<p><strong>Ausbildung zum staatl. gepr. Trainer-C </strong>Lateinamerikanische Tänze</p>
</td>
</tr>
<tr>
<td style="width: 16.8067%;" width="141">
<p>1999</p>
</td>
<td style="width: 82.7731%;" width="463">
<p><strong>Ausbildung zum staatl. gepr. Trainer-B </strong>Lateinamerikanische Tänze</p>
</td>
</tr>
<tr>
<td style="width: 16.8067%;" width="141">
<p>2001</p>
</td>
<td style="width: 82.7731%;" width="463">
<p><strong>Ausbildung zum staatl. gepr. Trainer-C </strong>Standardtänze</p>
</td>
</tr>
</tbody>
</table>
<figure><img loading="lazy" decoding="async" width="399" height="300" src="https://bgc-muenchen.de/wp-content/uploads/2020/07/2020-EM-Nadine-Lammer.jpg" alt="" /></figure>
<h4>Nadine Lammer</h4>
<p>Ehemalige B-Klasse-Tänzerin über 10 Tänze, Trainerin C &#8211; Standard und Latein</p>
<figure><img loading="lazy" decoding="async" width="399" height="300" src="https://bgc-muenchen.de/wp-content/uploads/2020/06/2020-EM_Gisela-Klöpfer.jpg" alt="" /></figure>
<h4>Gisela Klöpfer</h4>
<p>Ehemalige S-Klasse Tänzerin, Wertungsrichterin, Turnierleiterin, Vereinsmanagerin-B.</p>
<figure><img loading="lazy" decoding="async" width="400" height="300" src="https://bgc-muenchen.de/wp-content/uploads/2020/06/2020-EM_Karl-Klöpfer.jpg" alt="" /></figure>
<h4>Karl Klöpfer</h4>
<p>Ehemaliger S-Klasse Tänzer, Trainer B-Standard, Fachübungsleiter 10 Tänze, Wertungsrichter, Turnierleiter, Vereinsmanager-A</p>
<h2>Discofox</h2>
<figure><img loading="lazy" decoding="async" width="400" height="300" src="https://bgc-muenchen.de/wp-content/uploads/2020/06/2020-EM_Beate-und-Didi_400.jpg" alt="" /></figure>
<h4>Beate und Didi Dietrich</h4>
<p>Ehemalige A-Klasse-Tänzer Standard</p>

<p>Standard und Latein Andrij Spiech Tänzerische Laufbahn 1982 – 1984 Mitglied Jazztanzformation im TV Planegg 1984 Erster Rang auf dem Deutschen Sportfest in Berlin 1989 – 2000 Turniertanzsport (bis Hgr. [&hellip;]</p>
